e y(b). Suppose 13 + d = i. List the prime factors of i.
2, 7
Suppose 5*k + 5 = 3*a, 1 = k + 2*k - a. Suppose 5*c = -5, -x = -k*x - 4*c + 11. What are the prime factors of (-3)/3*(-1 - x)?
2
Let m = 212 - -197. List the prime factors of m.
409
Let c(o) = o**2 + 18*o + 22. Let z be c(-11). Let v = z + 71. List the prime factors of v.
2
Suppose -j + 1545 = -452. What are the prime factors of j?
1997
List the prime factors of 2 + -8 + 1 - (-2480)/4.
3, 5, 41
Suppose s = 4*t - s - 36, t + 4*s = 9. Suppose 0 = -t*x + 4*x + 640. What are the prime factors of x?
2
Suppose -40*i = 1276 - 4316. List the prime factors of i.
2, 19
What are the prime factors of (-3)/(-5) + 14 + 22274/35?
3, 7, 31
Let k = -1226 - -1870. What are the prime factors of k?
2, 7, 23
Suppose 2*q = 8*q + 1620. Let b = 11 - q. What are the prime factors of b?
281
Let v(p) = p**3 + 7*p**2 + 8*p + 11. Let q be v(-6). Let u = q - 2. Let o(n) = -n**3 - 2*n**2 + 2*n + 6. What are the prime factors of o(u)?
3
Suppose 0 = 3*x - 3*l - 6090, -3*x - 5*l + 9181 = 3107. List the prime factors of x.
2, 3, 13
Let o be 2 + -3 + 3 - -4. Suppose p = -3*g - 30 - o, -g + 183 = -4*p. List the prime factors of (-80)/p - (-4)/18.
2
Let i(y) = -4*y + 35. Let s be i(8). Suppose s*r - 22 = -4. List the prime factors of r.
2, 3
Let w(v) = v**3 + 10*v**2 + 8*v - 7. Let i be w(-9). Suppose -520 = -6*r - i*r. What are the prime factors of r?
5, 13
Suppose 5*l = 9*l - 200. Suppose -4*k - 2 - l = 0. What are the prime factors of 3*1 + (7 - k)?
23
Suppose 0*w - 3 = -w. Suppose 2*s + 427 = 5*y, -202 = -3*y - w*s + 71. List the prime factors of y.
3, 29
Let x(k) = k**3 - 13*k**2 + 20*k - 109. What are the prime factors of x(16)?
11, 89
Let i be (24 + -1)/(1/3). Let x = 49 + -92. Let q = i + x. What are the prime factors of q?
2, 13
Let p(i) = 50*i**2 - 25*i + 156. What are the prime factors of p(7)?
11, 13, 17
Let m = 199 - -1224. What are the prime factors of m?
1423
Let s(w) = 42*w - 10. Let k be s(-6). Let g = k + 378. List the prime factors of g.
2, 29
Let g(u) = -2*u - 9. Let q be g(-7). Suppose -4*b + 5*i + 270 = 0, q*b + 2*i = i + 323. What are the prime factors of b?
5, 13
Let t(u) = u**3 + 9*u**2 - u - 4. Let g be t(-9). Suppose 0 = -2*k - f + 15, 0*f = -f + g. Suppose 0*r + k*r = 130. List the prime factors of r.
2, 13
Let c(d) = 11*d + 4*d - 5*d. Suppose -10 = -a - 4*a. List the prime factors of c(a).
2, 5
Suppose 6 = -3*z - 7*b + 4*b, -3*b - 2 = 5*z. Let f(l) = 10*l + 1. List the prime factors of f(z).
3, 7
Let w = -168 - -277. What are the prime factors of w?
109
Suppose 4*g = -v + 748, -389 = -4*g + v + 367. Suppose 6*f + g = 488. What are the prime factors of f?
2, 5
Let r(m) = m - 15. Suppose 0*l = l. Let f be r(l). Let j = 7 - f. What are the prime factors of j?
2, 11
Suppose 0 = -5*y + 5. What are the prime factors of y/6 + 1532/24?
2
Let b(f) = -5*f**3 - 7*f**2 - 4. List the prime factors of b(-5).
2, 223
Let s(q) = 2*q - 2. Let z be s(3). Let d = 18 - z. Suppose a = d + 13. List the prime factors of a.
3
Let g(r) = -r + 44. Let y be g(0). Let a be (-1 + 2 + -1)/(-3). Suppose a = -5*p + 121 + y. List the prime factors of p.
3, 11
Let q(l) = -45*l + 111. What are the prime factors of q(-11)?
2, 3, 101
Suppose -2*u + 973 = -i - 2266, -3*u + 2*i = -4860. List the prime factors of u.
2, 809
Suppose -3*h + 1199 = 2*u, -21 = -2*h - 27. List the prime factors of u.
2, 151
Let a be (-14 - -14) + 30/2. Suppose n - a = -4*t, 0 = -5*t - n + 16 + 4. List the prime factors of (10 - t)*(0 - -7).
5, 7
Suppose -b = j - 535, -j - 535 = -4*b + 3*b. What are the prime factors of b?
5, 107
What are the prime factors of (-2 - -1158)*11/22?
2, 17
Suppose 18*x - 26*x = -5080. What are the prime factors of x?
5, 127
Let y(k) = k**3 - 10*k**2 + 11*k - 2. Let j be y(9). Let c(n) = 14*n**2 - 1. Let q be c(-1). Let p = j + q. List the prime factors of p.
29
Let x be ((-2)/6)/(2/(-30)). Let c(w) = x*w**2 + 2*w + 1 - 2*w**2 - 3 + 2*w**2. What are the prime factors of c(1)?
5
Let w = 34 - 39. Let i(m) = 3*m**3 - 2 - 2*m**3 - 4*m + 5*m**2 + 5. List the prime factors of i(w).
23
Suppose -a - 2*j = -21, -5*j = -4*a - a + 30. Suppose 2*w = a*w - 1116. List the prime factors of w.
2, 31
Let h(c) = 27*c + 1583. What are the prime factors of h(0)?
1583
Suppose 10684 = 5*l + 4*p, -13*p - 2141 = -l - 18*p. List the prime factors of l.
2, 3, 89
Let t(b) = -b**3 + 9*b**2 - 8*b + 12. Let a be t(8). Let n(m) = -m**3 + 13*m**2 - 4*m + 3. What are the prime factors of n(a)?
3, 11
Suppose m + 2 = 3. Let z be 6/m + (-9)/3. Suppose 2*l - 24 = z*n, 5*l + 4*n = n + 102. What are the prime factors of l?
2, 3
Let n = 4304 + -1303. List the prime factors of n.
3001
Suppose -4*t + 5*b = -779, 0*t + 2*b = -4*t + 758. What are the prime factors of t?
191
Let p = -190 - -965. List the prime factors of p.
5, 31
Suppose -j + 5*f + 40 = 5, -3*f = 3*j - 87. List the prime factors of j.
2, 3, 5
Suppose 2*k = -v + 41, 28 = -3*k + 4*k - v. What are the prime factors of k?
23
Suppose 0*g + 66 = 2*g + 4*y, 5*g = -5*y + 170. Let b = 8 + -4. Suppose -g = -v - b*v. What are the prime factors of v?
7
Let l(p) = -214*p + 40. List the prime factors of l(-24).
2, 647
Suppose 3*g - 21 = -4*g. Suppose 171 = g*l + b - 80, -173 = -2*l + 5*b. List the prime factors of l.
2, 3, 7
Let m(o) = 604*o - 4. Let q be m(1). Suppose 4*h - 490 - 3 = 5*c, 0 = 5*h - 3*c - q. What are the prime factors of h?
3, 13
List the prime factors of (1656/7)/(-3 - (-270)/84).
2, 3, 23
Let z = 1663 + -570. List the prime factors of z.
1093
Let p = 1556 + -691. What are the prime factors of p?
5, 173
Let d = 822 - 445. What are the prime factors of d?
13, 29
Suppose -2*f + 127 + 471 = 0. List the prime factors of f.
13, 23
Suppose 9*o - 4510 - 5129 = 0. List the prime factors of o.
3, 7, 17
Let d(w) = w + 4. Let z be d(-7). Let v = z - -9. Suppose -a - v = -3*a. What are the prime factors of a?
3
Let b be ((-1)/(-3))/((-1)/(-6)). Suppose -75 = -b*u + 3*q + 23, q = -2*u + 90. What are the prime factors of u?
2, 23
Suppose 0 = -j - 3*s + 63, 5*j - 524 = 5*s - 189. Suppose 37 = -v + j. What are the prime factors of v?
29
Let g(h) = 5*h**2 + 24*h + 11. Let u be g(-5). Let z = 7 - 5. Suppose m = -3*m - y + u, -z*m - 5*y + 8 = 0. What are the prime factors of m?
2
Let o be (4/(-5))/((-3)/15). Let n be ((-1)/4)/((-32)/384). Suppose 0 = j - n*b - 15, o = -4*b - 12. List the prime factors of j.
3
Suppose -6*x + 1395 = -3*x. List the prime factors of ((-1)/1)/(-3)*x.
5, 31
What are the prime factors of (-5482)/(-22) + 3/(132/(-8))?
3, 83
Suppose 2*s - 25 = -3*k, 4*k - 2*k + s - 17 = 0. Suppose k = 5*x - 11. Suppose 2*b + 7*d = 5*d + 44, -2*d + 86 = x*b. List the prime factors of b.
3, 7
Let x be (-3)/(-4) - (-27)/12. Suppose -x*v + 114 = -v. What are the prime factors of v?
3, 19
Let a be 0*2/(-8)*2. Suppose 4 = -a*o - o. Let x(b) = b**2 - b - 6. List the prime factors of x(o).
2, 7
Let t(w) = -w**3 - 15*w**2 - 13*w - 73. What are the prime factors of t(-21)?
2, 1423
Suppose 3*y = 4*d + 35, -2*d = y + 3*y - 54. Let a(j) = 2*j - 2. Let m be a(-3). Let w = m + y. What are the prime factors of w?
5
Let d(l) = l + 7 + l - 9. Let j be d(2). Suppose 178 - 483 = -5*x - 5*c, 0 = -j*x - 4*c + 126. List the prime factors of x.
59
Let y be (14/35)/(1/10). Suppose u + a = y*u - 364, -5*a = 5. List the prime factors of u.
11
Let m(z) = 9*z**2 + 5*z + 6. Suppose -11 = -q - 15. Let o be m(q). Let s = -58 + o. List the prime factors of s.
2, 3
Let i = 301 - 297. Let p = 55 + -16. Let a = p + i. List the prime factors of a.
43
List the prime factors of (4 - -1)*14728/70 - 4.
2, 131
Suppose 4*p = -2*d + 2, d + 4*d + p - 41 = 0. Let a be (-1)/((-1)/(0 + 28)). Suppose -5*l + 1 + d = 0, 5*l + a = 2*q. What are the prime factors of q?
19
Suppose 3*b + 3*y - 13149 = 3663, y = -2. List the prime factors of b.
2, 2803
Suppose 2*y + 3*s = 4945, -2*y + 5*s + 4953 = -0*s. What are the prime factors of y?
2, 1237
Let w = 3 + 8. Suppose -s - 6 - 14 = -3*y, s = -y + 8. Let o = w - y. List the prime factors of o.
2
What are the prime factors of (-21)/56 + (-2 - 50535/(-40))?
13, 97
Let n = -14 - -14. Suppose n*z - 2*z + 106 = 0. List the prime factors of z.
53
Suppose -6*g = -822 - 10716. List the prime factors of g.
3, 641
Let v be (